30).
26
Let b(t) = -2*t**2 + 35*t - 29. Determine b(17).
-12
Let d(j) = j + 4. What is d(-16)?
-12
Let o(l) = l**2 + 18*l + 5. Give o(-7).
-72
Let d(x) = -4*x + 83. Calculate d(28).
-29
Let c(y) = 4*y**3 + y + 1. Give c(-1).
-4
Let u(w) = 2*w**2 - 10*w + 17. Determine u(-5).
117
Let i(r) = r**3 - r**2 - 2. Calculate i(2).
2
Let t(s) = s**2 - 4. What is t(4)?
12
Let q(k) = k - 14. Give q(9).
-5
Let a(k) = -19*k - 5. Calculate a(2).
-43
Let q(i) = -38*i**2 + 2*i + 3. Determine q(-1).
-37
Let r(h) = -h**2 - 13*h - 5. Determine r(-13).
-5
Let b(y) = -12*y + 11. Give b(4).
-37
Let b(d) = -27*d + 1. Give b(3).
-80
Let v(y) = -56*y - 334. What is v(-6)?
2
Let w(g) = g**2 + 8*g + 5. Give w(-6).
-7
Let r(l) = l**3 - 6*l**2 - 7*l + 12. What is r(6)?
-30
Let w(x) = -16*x - 135. Calculate w(-9).
9
Let l(z) = z - 2. Give l(13).
11
Let p(y) = 86*y - 167. Give p(2).
5
Let q(z) = z**3 + 12*z**2 - 17*z - 19. Give q(-13).
33
Let g(t) = 11*t - 10. Give g(4).
34
Let u(b) = -b**2 + 23*b + 326. Determine u(-10).
-4
Let r(u) = 2*u - 22. Determine r(7).
-8
Let h(j) = -2*j**2 - 5*j - 3. Calculate h(-2).
-1
Let r(z) = -3*z + 19. Determine r(0).
19
Let u(y) = 2*y**2 - 16*y + 9. Give u(10).
49
Let z(c) = c**2 + 3*c + 5. Calculate z(-3).
5
Let j(r) = 6*r - 275. Give j(46).
1
Let m(s) = 7*s**2 + 4*s + 3. What is m(-2)?
23
Let f(p) = p**3 + 19*p**2 + 39*p - 41. Calculate f(-17).
-126
Let k(f) = 3*f + 13. Give k(-6).
-5
Let c(g) = g + 36. Calculate c(0).
36
Let s(r) = 13*r - 17. What is s(3)?
22
Let l(w) = w**2 - 3*w + 5. Give l(2).
3
Let a(c) = -10*c**2 - c. Give a(-1).
-9
Let d(q) = q**3 - 9*q**2 + 10*q - 3. Determine d(7).
-31
Let b(i) = -4*i + 3. What is b(12)?
-45
Let s(r) = 2*r**2 + 15*r - 12. What is s(-7)?
-19
Let y(q) = -q - 10. Determine y(-11).
1
Let h(c) = c**2 + 5*c - 5. Determine h(-8).
19
Let m(z) = -z**3 + 16*z**2 - z + 18. Determine m(16).
2
Let u(w) = w**2 - 6*w + 2. Calculate u(6).
2
Let f(m) = -m**3 + 28*m**2 - 54*m + 55. Give f(26).
3
Let b(m) = m**2 - 297*m - 2129. Calculate b(-7).
-1
Let o(d) = -d**3 - 13*d**2 - 10*d - 13. Give o(-12).
-37
Let g(r) = r**3 - 9*r**2 + 2*r + 13. Give g(6).
-83
Let s(v) = v**3 - 5*v**2 - 6*v + 6. What is s(6)?
6
Let z(l) = l**2 + 9*l - 3. Give z(-9).
-3
Let p(r) = -67*r + 4. Determine p(0).
4
Let x(s) = s**2 + 6*s + 1. Give x(4).
41
Let r(f) = -14*f + 57. Determine r(6).
-27
Let f(y) = 7*y - 6. What is f(6)?
36
Let v(p) = -p**3 + 25*p**2 - 46*p - 19. What is v(23)?
-19
Let f(r) = -r**3 + 24*r**2 - 19*r - 35. Calculate f(23).
57
Let l(i) = -i**3 - i - 17. What is l(0)?
-17
Let j(m) = 10*m - 86. Determine j(8).
-6
Let x(p) = -p**3 - 55*p**2 + 2*p + 118. What is x(-55)?
8
Let c(o) = o**3 + 11*o**2 + 9*o - 8. What is c(-10)?
2
Let d(z) = -10*z + 21. What is d(3)?
-9
Let t(u) = u**2 + 13*u + 5. Calculate t(-7).
-37
Let l(i) = i - 14. What is l(9)?
-5
Let g(l) = 21*l - 8. What is g(2)?
34
Let d(l) = -l**3 - 7*l**2 + 2*l + 48. What is d(-6)?
0
Let d(m) = 17*m + 23. Determine d(-4).
-45
Let s(j) = -j**3 + 11*j**2 - 14*j + 3. Determine s(10).
-37
Let i(h) = -h**2 - 11*h - 22. Give i(-8).
2
Let o(g) = -14*g + 16. What is o(5)?
-54
Let p(i) = -i**2 - 12*i - 14. Give p(-10).
6
Let h(m) = m**3 - 14*m**2 + 12*m + 7. Calculate h(13).
-6
Let x(r) = r**3 + 2*r**2 - 20*r + 6. Determine x(4).
22
Let i(d) = -d**2 - 12*d - 10. What is i(-11)?
1
Let j(u) = -u**2 - 13*u + 68. Calculate j(7).
-72
Let a(b) = 6*b - 19. Calculate a(6).
17
Let o(k) = -4*k**3 - 2*k**2 - 7*k + 11. What is o(2)?
-43
Let p(f) = -11*f + 47. What is p(11)?
-74
Let a(p) = -16*p - 37. Calculate a(-2).
-5
Let g(l) = -l**3 - l + 43. Give g(0).
43
Let p(o) = -26*o - 226. What is p(-9)?
8
Let i(b) = 13*b**3 - 3*b - 2. Give i(-1).
-12
Let w(n) = -20*n + 12. Determine w(-7).
152
Let o(j) = j**3 + 11*j**2 + 6*j + 1. Determine o(-11).
-65
Let f(w) = 23*w**2 - 2*w - 3. Give f(-1).
22
Let v(q) = -19*q + 27. Give v(2).
-11
Let z(a) = 3*a - 7. Calculate z(6).
11
Let m(x) = x**2 + 14*x + 45. What is m(-8)?
-3
Let o(f) = -2*f**2 - 16*f - 13. Give o(-7).
1
Let b(c) = c**3 - 2*c**2 + c - 8. Determine b(3).
4
Let r(m) = 10*m + 4. What is r(2)?
24
Let t(m) = m**3 - 19*m**2 + 28*m + 5. What is t(17)?
-97
Let j(i) = 2*i**2 + 43*i + 100. Give j(-19).
5
Let r(v) = -v**3 + 8*v**2 + 2*v - 7. Calculate r(5).
78
Let d(z) = -z**3 + 8*z**2 - 3*z + 5. Determine d(8).
-19
Let g(t) = -t**3 - 13*t**2 + 4. Determine g(-13).
4
Let s(h) = 5*h + 12. What is s(-8)?
-28
Let c(g) = g**2 + 3*g - 18. Calculate c(-6).
0
Let h(r) = r**2 + 6*r - 103. What is h(-13)?
-12
Let y(w) = -4*w - 2. Give y(-7).
26
Let y(o) = -3*o**2 - 73*o + 56. Give y(-25).
6
Let b(x) = x**3 - 12*x**2 - x - 4. Calculate b(12).
-16
Let k(u) = u**3 - 36*u**2 - 38*u + 33. Calculate k(37).
-4
Let a(f) = 20*f - 20. Calculate a(-4).
-100
Let h(r) = r**3 - 12*r**2 + 14*r - 32. Give h(11).
1
Let k(a) = 2*a**3 + 20*a**2 + 36*a + 3. Determine k(-2).
-5
Let m(v) = -v + 11. Give m(3).
8
Let i(m) = -6*m + 45. Calculate i(0).
45
Let a(g) = 3*g**2 - 8*g - 5. Determine a(-1).
6
Let o(v) = v**3 + 17*v**2 + 2. Give o(-17).
2
Let z(h) = -h**2 + 21*h - 16. Determine z(20).
4
Let d(j) = -7*j + 16. Determine d(4).
-12
Let y(j) = -3*j**2 - 3*j. Determine y(-2).
-6
Let o(y) = y - 54. Determine o(21).
-33
Let z(q) = 5*q - 3. Calculate z(1).
2
Let w(q) = q**3 + 5*q**2 + q + 2. What is w(-5)?
-3
Let f(q) = q**3 + 18*q**2 + 2*q + 21. Calculate f(-18).
-15
Let b(h) = -h**2 + 11*h + 2. Determine b(9).
20
Let d(g) = 6*g + 39. Give d(-6).
3
Let o(q) = 9*q**2 + 31*q - 63. Determine o(2).
35
Let y(u) = 2*u**2 + 9*u + 7. Give y(-3).
-2
Let k(s) = -s**2 - 6*s + 1. Calculate k(-8).
-15
Let m(i) = 2*i + 15. Calculate m(-7).
1
Let z(l) = 2*l + 10. Determine z(-7).
-4
Let j(k) = k - 4. What is j(1)?
-3
Let v(i) = -i**3 + 2*i + 1. Determine v(0).
1
Let w(a) = 2*a**2 - 2*a + 7. Calculate w(5).
47
Let t(q) = -q + 16. Determine t(-7).
23
Let g(o) = -o**3 - 5*o**2 - 5*o - 1. Give g(-3).
-4
Let j(h) = -h + 6. Give j(3).
3
Let s(v) = 2*v + 36. Determine s(-21).
-6
Let y(d) = -3*d + 1. Calculate y(2).
-5
Let j(f) = -7*f + 86. What is j(14)?
-12
Let o(b) = -54*b + 362. Give o(7).
-16
Let k(r) = -r**3 + 13*r**2 - 13*r + 14. Determine k(12).
2
Let b(u) = u**2 - 24*u + 100. Calculate b(8).
-28
Let n(m) = 10*m - 84. Give n(10).
16
Let p(z) = 3*z - 92. Calculate p(39).
25
Let f(k) = -k**3 - 12*k**2 + 18*k + 29. Give f(-13).
-36
Let o(n) = 2*n**3 + 15*n**2 + 24*n. Give o(-5).
5
Let t(x) = -9*x + 34. Calculate t(5).
-11
Let v(z) = 4*z**2 - 36*z - 13. Calculate v(10).
27
Let d(m) = m**2 - 5*m + 1. Calculate d(2).
-5
Let n(j) = -8*j**2 - 4*j - 3. Determine n(-2).
-27
Let n(b) = -b**3 - 12*b**2 - 15*b - 28. Determine n(-11).
16
Let t(u) = -11*u**3 + 5*u**2 - 6*u + 1. Calculate t(1).
-11
Let p(z) = -z**3 - 7*z**2 - 6*z + 6. What is p(-5)?
-14
Let w(l) = -l - 22. Give w(-5).
-17
Let j(l) = -l**3 + 6*l**2 + 87*l - 24. Determine j(-7).
4
Let c(u) = 2*u**2 - 34*u + 38. What is c(16)?
6
Let f(y) = 5*y**2 + 21*y + 10. Calculate f(-6).
64
Let i(j) = j**2 - 52. Determine i(8).
12
Let w(v) = -4*v + 32. What is w(8)?
0
Let x(g) = -g**3 - 6*g**2 + 8*g + 7. What is x(-7)?
0
Let p(q) = 7*q + 12. Give p(-3).
-9
Let g(x) = 12*x**2 + x - 3. Calculate g(1).
10
Let r(a) = -17*a - 46. Give r(-3).
5
Let o(k) = 4*k**2 + 9*k - 53. Give o(-5).
2
Let s(w) = -7*w**2 + 6*w + 7. Determine s(-1).
-6
Let s(d) = 9*d + 78. What is s(-9)?
-3
Let k(z) = 12*z - 12. Calculate k(1).
0
Let j(v) = v**3 - 13*v**2 + 16*v - 42. What is j(12)?
6
Let j(k) = -3*k**2 + k + 2. Calculate j(-2).
-12
Let q(a) = -a + 15. Determine q(-6).
21
Let j(h) = -h**3 + 2*h**2 + 5*h - 9. Give j(2).
1
Let w(q) = -q**2 + 14*q - 34. Determine w(3).
-1
Let u(b) = -b**2 + 3*b + 8. Determine u(-6).
-46
Let s(a) = a - 63. Determine s(0).
-63
Let t(c) = -c**2 - 20*c - 26. What is t(-20)?
-26
Let l(s) = s**2 + 3*s + 6. Calculate l(-4).
10
Let i(s) = -16*s**2 - s + 3. Give i(-2).
-59
Let i(d) = -10*d + 102. Give i(11).
-8
Let l(v) = -4*v + 63. Give l(13).
11
Let j(b) = -20*b**3 - 2*b**2 + 2*b - 1. Calculate j(1).
-21
Let c(v) = v**3 - 8*v**2 - 2*v + 13. Give c(8).
-3
Let d(f) = -f**2 + 10*f + 21. Give d(9).
30
Let x(h) = 2*h**3 + 5*h**2 - 6*h + 2. Give x(1).
3
Let l(p) = p**3 - 15*p**2 - p + 17. Determine l(15).
2
Let s(x) = x**3 + 22*x**2 - 20*x + 37. Calculate s(-